digit of 1067?
7
What is the units digit of 2125?
5
What is the units digit of 689?
9
What is the thousands digit of 1891?
1
What is the tens digit of 5589?
8
What is the units digit of 49892?
2
What is the ten thousands digit of 17147?
1
What is the ten thousands digit of 45349?
4
What is the thousands digit of 1286?
1
What is the ten thousands digit of 96518?
9
What is the tens digit of 108892?
9
What is the tens digit of 50188?
8
What is the units digit of 6568?
8
What is the thousands digit of 15554?
5
What is the tens digit of 41332?
3
What is the thousands digit of 150738?
0
What is the tens digit of 3315?
1
What is the units digit of 4083?
3
What is the thousands digit of 4213?
4
What is the ten thousands digit of 19081?
1
What is the hundreds digit of 5040?
0
What is the ten thousands digit of 55619?
5
What is the thousands digit of 1757?
1
What is the hundreds digit of 2457?
4
What is the thousands digit of 1186?
1
What is the tens digit of 58152?
5
What is the ten thousands digit of 36100?
3
What is the thousands digit of 10570?
0
What is the units digit of 3088?
8
What is the thousands digit of 1407?
1
What is the units digit of 4326?
6
What is the thousands digit of 26931?
6
What is the thousands digit of 11490?
1
What is the tens digit of 52995?
9
What is the units digit of 117043?
3
What is the units digit of 609?
9
What is the tens digit of 2244?
4
What is the ten thousands digit of 36837?
3
What is the hundreds digit of 7182?
1
What is the hundreds digit of 15505?
5
What is the hundreds digit of 1828?
8
What is the tens digit of 14429?
2
What is the hundreds digit of 431?
4
What is the ten thousands digit of 29309?
2
What is the hundreds digit of 11296?
2
What is the hundreds digit of 4501?
5
What is the thousands digit of 83232?
3
What is the ten thousands digit of 15994?
1
What is the units digit of 66?
6
What is the units digit of 5628?
8
What is the units digit of 9938?
8
What is the hundreds digit of 2103?
1
What is the tens digit of 7766?
6
What is the hundreds digit of 6249?
2
What is the hundreds digit of 637?
6
What is the hundreds digit of 1810?
8
What is the tens digit of 13543?
4
What is the ten thousands digit of 58020?
5
What is the units digit of 1831?
1
What is the units digit of 1468?
8
What is the hundreds digit of 934?
9
What is the units digit of 6053?
3
What is the tens digit of 82783?
8
What is the thousands digit of 3020?
3
What is the thousands digit of 2025?
2
What is the hundreds digit of 873?
8
What is the hundreds digit of 4809?
8
What is the units digit of 655?
5
What is the units digit of 2622?
2
What is the thousands digit of 34669?
4
What is the hundreds digit of 818?
8
What is the tens digit of 1329?
2
What is the thousands digit of 9187?
9
What is the hundreds digit of 2159?
1
What is the hundreds digit of 5652?
6
What is the units digit of 763?
3
What is the tens digit of 8035?
3
What is the units digit of 297?
7
What is the units digit of 19628?
8
What is the ten thousands digit of 44291?
4
What is the thousands digit of 15955?
5
What is the hundreds digit of 4493?
4
What is the ten thousands digit of 63590?
6
What is the hundreds digit of 213?
2
What is the hundreds digit of 1710?
7
What is the tens digit of 64576?
7
What is the units digit of 4489?
9
What is the hundreds digit of 899?
8
What is the units digit of 2490?
0
What is the thousands digit of 5444?
5
What is the hundreds digit of 424?
4
What is the hundreds digit of 270?
2
What is the ten thousands digit of 12127?
1
What is the units digit of 3209?
9
What is the hundreds digit of 4375?
3
What is the units digit of 134344?
4
What is the tens digit of 3891?
9
What is the thousands digit of 1924?
1
What is the tens digit of 11726?
2
What is the thousands digit of 2308?
2
What is the units digit of 38363?
3
What is the units digit of 999?
9
What is the units digit of 413?
3
What is the tens digit of 26449?
4
What is the thousands digit of 8644?
8
What is the tens digit of 2165?
6
What is the thousands digit of 3236?
3
What is the hundreds digit of 493?
4
What is the hundreds digit of 1030?
0
What is the tens digit of 1836?
3
What is the hundred thousands digit of 107854?
1
What is the thousands digit of 83935?
3
What is the ten thousands digit of 50261?
5
What is the hundreds digit of 2715?
7
What is the tens digit of 7638?
3
What is the ten thousands digit of 16344?
1
What is the tens digit of 1925?
2
What is the hundreds digit of 7796?
7
What is the tens digit of 8934?
3
What is the hundreds digit of 691?
6
What is the hundreds digit of 18079?
0
What is the tens digit of 146?
4
What is the tens digit of 74?
7
What is the units digit of 73?
3
What is the units digit of 177?
7
What is the ten thousands digit of 13360?
1
What is the ten thousands digit of 20772?
2
What is the hundreds digit of 22584?
5
What is the hundreds digit of 214?
2
What is the thousands digit of 7588?
7
What is the units digit of 1249?
9
What is the hundreds digit of 819?
8
What is the tens digit of 86316?
1
What is the hundreds digit of 3839?
8
What is the hundreds digit of 452?
4
What is the hundreds digit of 11922?
9
What is the hundreds digit of 6319?
3
What is the thousands digit of 2551?
2
What is the units digit of 62397?
7
What is the units digit of 1697?
7
What is the units digit of 5088?
8
What is the thousands digit of 6121?
6
What is the tens digit of 5916?
1
What is the hundreds digit of 70485?
4
What is the units digit of 1301?
1
What is the tens digit of 1939?
3
What is the hundreds digit of 3044?
0
What is the units digit of 953?
3
What is the hundreds digit of 3278?
2
What is the tens digit of 10467?
6
What is the thousands digit of 4412?
4
What is the hundreds digit of 797?
7
What is the hundreds digit of 8308?
3
What is the hundreds digit of 4465?
4
What is the tens digit of 64?
6
What is the thousands digit of 7824?
7
What is the tens digit of 1646?
4
What is the thousands digit of 18920?
8
What is the hundreds digit of 82374?
3
What is the tens digit of 1993?
9
What is the units digit of 1693?
3
What is the units digit of 1467?
7
What is the units digit of 12257?
7
What is the units digit of 4077?
7
What is the tens digit of 5384?
8
What is the units digit of 18?
8
What is the tens digit of 9822?
2
What is the ten thousands digit of 19372?
1
What is the units digit of 16265?
5
What is the thousands digit of 18814?
8
What is the hundreds digit of 325?
3
What is the tens digit of 664?
6
What is the thousands digit of 5928?
5
What is the thousands digit of 4472?
4
What is the hundreds digit of 60767?
7
What is the units digit of 97972?
2
What is the tens digit of 13033?
3
What is the thousands digit of 5792?
5
What is the units digit of 10560?
0
What is the hundreds digit of 6208?
2
What is the thousands digit of 132988?
2
What is the ten thousands digit of 10598?
1
What is the ten thousands digit of 25670?
2
What is the hundreds digit of 18339?
3
What is the tens digit of 31369?
6
What is the hundreds digit of 7288?
2
What is the tens digit of 1041?
4
What is the units digit of 2107?
7
What is the hundreds digit of 1770?
7
What is the tens digit of 36233?
3
What is the thousands digit of 1961?
1
What is the ten thousands digit of 21735?
2
What is the ten thousands digit of 15103?
1
What is the tens digit of 713?
1
What is the thousands digit of 38342?
8
What is the tens digit of 879?
7
What is the units digit of 637?
7
What is the thousands digit of 22197?
2
What is the hundreds digit of 826?
8
What is the ten thousands digit of 91041?
9
What is the tens digit of 48631?
3
What is the thousands digit of 1420?
1
What is the tens digit of 1540?
4
What is the thousands digit of 1138?
1
What is the thousands digit of 73142?
3
What is the tens digit of 12893?
9
What is the units digit of 24?
4
What is the hundreds digit of 845?
8
What is the hundreds digit of 7222?
2
What is the tens digit of 483?
8
What is the ten thousands digit of 130234?
3
What is the ten thousands digit of 169004?
6
What is the tens digit of 193865?
6
What is the thousands digit of 19801?
9
What is the units digit of 67954?
4
What is the thousands digit of 5069?
5
What is the units digit of 616?
6
What is the hundreds digit of 14246?
2
What is the units digit of 3562?
2
Wha